lculate the highest common factor of 1183 and 13.
13
Calculate the greatest common factor of 72 and 522.
18
What is the greatest common divisor of 16975 and 175?
175
What is the highest common factor of 5 and 335?
5
What is the greatest common factor of 2959 and 22?
11
Calculate the highest common divisor of 644 and 42.
14
Calculate the highest common factor of 3874 and 1192.
298
What is the highest common factor of 210 and 378?
42
What is the greatest common factor of 18 and 1098?
18
Calculate the highest common factor of 306 and 666.
18
Calculate the greatest common factor of 1030 and 20.
10
Calculate the greatest common factor of 4867 and 31.
31
What is the highest common factor of 836 and 7733?
209
What is the greatest common factor of 200 and 1075?
25
Calculate the greatest common divisor of 8 and 424.
8
Calculate the greatest common divisor of 64 and 64.
64
Calculate the highest common factor of 343 and 7.
7
What is the greatest common divisor of 486 and 9?
9
Calculate the highest common factor of 3 and 507.
3
Calculate the greatest common divisor of 339 and 3.
3
Calculate the greatest common factor of 63 and 90.
9
Calculate the highest common divisor of 25 and 675.
25
What is the highest common divisor of 85 and 3845?
5
Calculate the greatest common divisor of 108 and 1644.
12
What is the highest common factor of 5769 and 9?
9
What is the greatest common factor of 2032 and 18?
2
What is the greatest common divisor of 1023 and 558?
93
What is the highest common divisor of 57 and 912?
57
What is the greatest common factor of 216 and 632?
8
Calculate the greatest common divisor of 84 and 384.
12
Calculate the greatest common divisor of 2440 and 50.
10
What is the highest common factor of 176 and 3619?
11
Calculate the greatest common factor of 360 and 80.
40
What is the highest common divisor of 354 and 1180?
118
Calculate the greatest common divisor of 1449 and 1656.
207
What is the greatest common factor of 986 and 232?
58
What is the highest common divisor of 3240 and 1863?
81
What is the greatest common factor of 128 and 10?
2
Calculate the greatest common divisor of 3 and 129.
3
What is the highest common factor of 414 and 18?
18
What is the highest common factor of 208 and 156?
52
What is the highest common factor of 9228 and 8?
4
Calculate the highest common factor of 14 and 7042.
14
What is the highest common factor of 11 and 8459?
11
What is the greatest common factor of 240 and 780?
60
What is the highest common divisor of 23 and 851?
23
Calculate the highest common factor of 104 and 3440.
8
What is the highest common divisor of 10 and 1280?
10
Calculate the greatest common factor of 288 and 684.
36
What is the greatest common factor of 46 and 414?
46
Calculate the greatest common factor of 144 and 882.
18
What is the highest common divisor of 99 and 2475?
99
Calculate the greatest common divisor of 484 and 64.
4
Calculate the highest common factor of 308 and 1001.
77
Calculate the greatest common factor of 24 and 18.
6
What is the greatest common divisor of 476 and 70?
14
What is the greatest common factor of 1125 and 18?
9
Calculate the highest common factor of 98 and 28.
14
Calculate the highest common factor of 2121 and 21.
21
What is the highest common factor of 360 and 81?
9
Calculate the greatest common divisor of 61 and 671.
61
What is the highest common factor of 3060 and 240?
60
What is the highest common divisor of 948 and 180?
12
Calculate the greatest common factor of 19 and 171.
19
Calculate the greatest common factor of 14 and 2506.
14
Calculate the greatest common divisor of 9 and 909.
9
What is the greatest common factor of 1116 and 62?
62
What is the highest common divisor of 154 and 56?
14
What is the highest common divisor of 1813 and 37?
37
What is the highest common divisor of 82 and 2132?
82
What is the greatest common divisor of 14300 and 44?
44
Calculate the greatest common divisor of 12636 and 243.
243
Calculate the highest common factor of 1955 and 425.
85
Calculate the greatest common factor of 1062 and 18.
18
Calculate the greatest common factor of 1053 and 39.
39
Calculate the highest common factor of 100 and 2325.
25
What is the greatest common factor of 16 and 9616?
16
What is the greatest common factor of 39 and 1131?
39
What is the greatest common divisor of 296 and 9398?
74
What is the highest common factor of 222 and 148?
74
What is the highest common divisor of 17196 and 12?
12
Calculate the highest common divisor of 2475 and 675.
225
Calculate the greatest common factor of 216 and 171.
9
Calculate the highest common factor of 54 and 16740.
54
Calculate the highest common divisor of 56 and 13512.
8
Calculate the highest common factor of 356 and 9434.
178
Calculate the greatest common divisor of 630 and 3430.
70
What is the greatest common divisor of 112 and 140?
28
Calculate the greatest common divisor of 48 and 2892.
12
What is the greatest common divisor of 24 and 141144?
24
What is the greatest common divisor of 2870 and 280?
70
What is the greatest common factor of 725 and 25?
25
What is the highest common divisor of 438 and 146?
146
Calculate the highest common factor of 1670 and 10.
10
Calculate the greatest common factor of 11 and 11.
11
What is the highest common divisor of 434 and 5446?
14
Calculate the greatest common factor of 5000 and 600.
200
What is the greatest common divisor of 825 and 66?
33
Calculate the greatest common factor of 148 and 259.
37
Calculate the greatest common factor of 1102 and 57.
19
Calculate the greatest common factor of 17 and 7157.
17
What is the greatest common factor of 603 and 81?
9
What is the greatest common divisor of 140 and 112?
28
What is the greatest common factor of 344 and 32?
8
Calculate the greatest common factor of 4 and 10.
2
Calculate the greatest common divisor of 548 and 42470.
274
What is the greatest common factor of 80 and 880?
80
What is the highest common divisor of 10 and 4535?
5
Calculate the highest common divisor of 2 and 6.
2
Calculate the highest common factor of 28881 and 9.
9
Calculate the greatest common factor of 240 and 180.
60
What is the greatest common factor of 18 and 5094?
18
Calculate the greatest common divisor of 212 and 12.
4
Calculate the greatest common divisor of 5 and 315.
5
Calculate the greatest common divisor of 1248 and 39.
39
What is the highest common divisor of 485 and 2619?
97
Calculate the highest common factor of 144 and 272.
16
What is the greatest common factor of 12532 and 364?
52
Calculate the highest common factor of 10410 and 18.
6
Calculate the greatest common divisor of 21 and 57.
3
Calculate the highest common divisor of 625 and 100.
25
Calculate the greatest common factor of 27 and 24.
3
Calculate the greatest common factor of 2605 and 15.
5
Calculate the greatest common divisor of 2816 and 110.
22
What is the highest common divisor of 150 and 275?
25
Calculate the highest common factor of 392 and 686.
98
Calculate the greatest common factor of 10515 and 15.
15
Calculate the highest common factor of 314 and 20.
2
Calculate the highest common divisor of 2 and 10.
2
What is the greatest common divisor of 466 and 8?
2
What is the greatest common divisor of 8 and 8?
8
Calculate the highest common factor of 680 and 9605.
85
Calculate the highest common divisor of 52 and 182.
26
What is the highest common factor of 4925 and 200?
25
Calculate the greatest common divisor of 294 and 210.
42
Calculate the greatest common factor of 14 and 602.
14
What is the greatest common divisor of 3168 and 224?
32
What is the highest common divisor of 14 and 1981?
7
What is the greatest common divisor of 804 and 24?
12
Calculate the greatest common factor of 29 and 8207.
29
What is the highest common factor of 60 and 9735?
15
Calculate the greatest common divisor of 26329 and 339.
113
What is the highest common factor of 95 and 19?
19
What is the highest common factor of 1368 and 5548?
76
What is the greatest common divisor of 40 and 70?
10
What is the greatest common divisor of 1 and 71?
1
What is the greatest common factor of 380 and 60?
20
What is the highest common factor of 1519 and 403?
31
What is the highest common factor of 682 and 124?
62
Calculate the greatest common factor of 136 and 51.
17
Calcu